. Let i(u) = -2*u + 5. Let w be i(6). Let f be 1/((-20)/w + -3). List the prime factors of m(f).
2
What are the prime factors of (1/2 - 105/(-30))*23?
2, 23
Suppose 3 = 5*k - 2. Let s be 1/(12/10 - k). Suppose -m - s*b = 5 - 2, -4*m = -3*b - 57. What are the prime factors of m?
2, 3
Suppose p + 2*p + 120 = 0. What are the prime factors of (-15)/(-2)*p/(-25)?
2, 3
Let r(a) = a**3 + 5*a**2 - 6*a - 10. List the prime factors of r(-5).
2, 5
Suppose -5*o - 4*n - 34 - 12 = 0, 0 = -5*n - 20. Let g be ((-4)/12)/(2/o). Let w = 7 - g. What are the prime factors of w?
2, 3
Let z(g) = 2*g**2 - 17*g + 11. Let x be z(8). Suppose 2*i = -3*i + 220. Suppose x*d = -d + i. What are the prime factors of d?
11
Let f(i) = -i**2 + 7*i - 6. Let w be f(4). Suppose 0*x = -2*x + 10. Suppose t - w = x. What are the prime factors of t?
11
Suppose -4*y + 2*y + 1 = -o, -5*o + 19 = 2*y. Suppose -2 - y = 2*l, l = -h + 3. List the prime factors of h.
5
Suppose -57 - 123 = -4*o. List the prime factors of o.
3, 5
Let l(s) = 10*s - 6. Let g be l(3). What are the prime factors of g - (-2)/4*-6?
3, 7
Let k = 280 + -103. List the prime factors of k.
3, 59
Let u = 155 - 30. List the prime factors of u.
5
Let l(g) = -30*g. Let a(k) = -k + 8. Let d be a(9). What are the prime factors of l(d)?
2, 3, 5
Let l = 8 + -5. Suppose -l*a + a = -28. What are the prime factors of a?
2, 7
Suppose -u = -3*j + 15, 9*j + 3*u = 4*j + 25. Let r = j + 2. List the prime factors of r.
7
Let j(p) = 2*p**3 + 2*p**2 - p - 1. What are the prime factors of j(2)?
3, 7
Suppose 0 = 2*w + 5*u - 11 + 3, -3*w - 5*u = -12. Suppose -x + w*x = 9. Suppose 0 = -x*m - 5*h + 25, -4*m + 2*m + 5*h + 50 = 0. List the prime factors of m.
3, 5
Suppose 9 = p - 0. Suppose 35 = 4*l - p. Let q(c) = c**2 - 11*c + 8. List the prime factors of q(l).
2
Let f(p) = p**2 + p + 2. Suppose 0 = k + 3 + 1, 2*q + 2*k = -4. Suppose -v = -q*v + 2. List the prime factors of f(v).
2
Suppose -1 = -g, 2*l + g = -15 + 82. What are the prime factors of l?
3, 11
Suppose 0*t = -t + 4. Suppose -2*c + 11 + 7 = 0. Let m = c + t. List the prime factors of m.
13
Suppose -m - 4*v + 90 = m, -4*m = 4*v - 164. Suppose 4*z - h - 99 = 0, -5*z - 2*h + 63 + 51 = 0. Let g = m - z. What are the prime factors of g?
13
Suppose -b - 2 = -22. Let l = b + -8. List the prime factors of l.
2, 3
Let d(g) = 16*g - 116. Let w(i) = 3*i - 23. Let o(k) = 2*d(k) - 11*w(k). List the prime factors of o(11).
2, 5
Suppose -2*x + 22 = 4*a, -a + 5*a = 2*x + 10. Suppose x*y - y - 72 = 0. List the prime factors of y.
2, 3
List the prime factors of (-2)/2*1 + 37.
2, 3
Let m = -1 - -2. Suppose -3*s + 6 = 5*t - 0*s, 5*s + 3 = -4*t. Let d = m + t. List the prime factors of d.
2
Let p be ((-8)/(-10))/(10/25). Suppose 3*z - 32 = z + 2*g, p*g - 7 = -z. List the prime factors of z.
13
Let r(q) = -2*q. List the prime factors of r(-3).
2, 3
List the prime factors of (28/(-5))/((-18)/270).
2, 3, 7
Let a(p) = p**2 - 12*p - 15. List the prime factors of a(15).
2, 3, 5
Suppose 0 = -2*j - 0 - 2, -j = 5*y - 39. Let n be 2*-2*(-10)/y. Suppose -n*a + 14 = -26. What are the prime factors of a?
2
Let h(i) = -2*i - 10. What are the prime factors of h(-16)?
2, 11
Let s(q) = 16*q - 8. List the prime factors of s(4).
2, 7
Let v(r) be the first derivative of 1/3*r**3 - 2 - 3/2*r**2 + r + 1/4*r**4. List the prime factors of v(2).
7
Suppose -2*f - 3*f + 420 = 2*t, -420 = -5*f + 3*t. Let v = -55 + f. What are the prime factors of v?
29
Let v(b) be the third derivative of -b**5/60 + b**4/3 - b**3 + 2*b**2. Let p be v(5). Suppose 3*o + 0*o - p = 0. List the prime factors of o.
3
Let t = 247 - 27. List the prime factors of t.
2, 5, 11
Let w = 0 - 2. What are the prime factors of 1 + -1 + w + 13?
11
Suppose 43*s = 44*s - 145. What are the prime factors of s?
5, 29
What are the prime factors of ((-12)/(-15))/((-4)/(-170))?
2, 17
Suppose -4*d + 2 = -6. Suppose -g - d*g = -3. List the prime factors of (-3 - g)*(-18)/4.
2, 3
Let q(r) = -r**2 + 6*r + 8. Suppose -3*c - 5 = -20, 0 = -3*i + 4*c - 2. Let f = i - 0. What are the prime factors of q(f)?
2
Let h(g) = -g**3 - 3*g**2 + 4*g + 2. Let s be h(-4). List the prime factors of (-316)/(-28) + s/(-7).
11
Suppose 3*n = -0*j + 4*j + 62, 4*n + 5*j = 62. Suppose -2*z - 54 = -3*k, z - n = -k - 3*z. What are the prime factors of k?
2, 3
Let l = 6 + -4. Suppose 0*z + 3*z = 3*p + 3, 5*z - 14 = l*p. List the prime factors of p.
3
Suppose -r = -7 - 120. What are the prime factors of r?
127
Let r be -1 + 22 - (-3 - -4). Suppose -r = m - 5*z, -2*z = 4*m + 2*z - 40. List the prime factors of m.
5
Let j(a) = a**2 - 3*a - 8. Let t be j(-8). Suppose w - 2*w + 5*i + 39 = 0, 5*w - 2*i - t = 0. Let l = w - 8. List the prime factors of l.
2, 3
Suppose 0 = -6*j - 5*j + 1727. What are the prime factors of j?
157
Suppose 3*d + 4*x = 50, -3*d + 2*x + 3*x + 5 = 0. Let l = -4 + d. List the prime factors of l.
2, 3
Let w(v) = 10*v**2 - v - 1. List the prime factors of w(2).
37
Let u = 52 - 37. What are the prime factors of u?
3, 5
Let l = -8 + 12. Suppose -15 = 2*v + 1. What are the prime factors of ((-68)/v)/(2/l)?
17
Let p(h) = -6*h - 17. List the prime factors of p(-8).
31
List the prime factors of 12/(-20)*1*-30.
2, 3
Let l be (-26)/4 - 1/2. Let z = l + 19. List the prime factors of z.
2, 3
Suppose -2 + 10 = 2*c. Suppose -4*w = c*n - 44, 4*w = -5*n - 24 + 83. What are the prime factors of n?
3, 5
Suppose 4*j = -5*b + 36, 4*b - j - 36 = -6*j. Let q = 4 + 6. Let l = q - b. What are the prime factors of l?
2, 3
Let z be 11/3 + (-1)/(-3). Suppose -4*i = 3*a + 10, -3*a = i + z*i + 8. Let n(r) = r + 13. List the prime factors of n(a).
7
Let o be (142 - -2)*(-2)/(-4). Suppose 4*h + 0*h - o = 0. What are the prime factors of h?
2, 3
Suppose 209 + 295 = 4*j. What are the prime factors of j?
2, 3, 7
Suppose 0 = -3*h + 149 - 56. List the prime factors of h.
31
Suppose 4 = -0*u + 2*u. What are the prime factors of ((-3)/(-9))/(u/138)?
23
Let x(c) = -c**3 + 6*c**2 - 6*c - 3. Let b be x(5). Let y be 195/20 - 2/b. Suppose -y = 4*l - 26. List the prime factors of l.
2
Suppose 1188 = 3*o + 396. List the prime factors of o.
2, 3, 11
Suppose 3*x - 90 = 5*d, 5*d = 5*x - 19 - 131. What are the prime factors of x?
2, 3, 5
Let p = 24 + -21. Suppose -l + p = -4. What are the prime factors of l?
7
What are the prime factors of (-17 + 2)*10/(-6)?
5
Let r(s) = -6 + 3*s + 12 + s**2 - 12*s + 6. What are the prime factors of r(9)?
2, 3
Suppose 25 = 5*u - 145. List the prime factors of u.
2, 17
Let a be (-6)/(-9) - (-532)/12. List the prime factors of (20/6)/(15/a).
2, 5
Suppose 4*c + 44 = q, 3 + 9 = -3*q. Let x = c - -7. What are the prime factors of 36/10 + 3/x?
3
Suppose 20 = i + 2*v + 2*v, 3 = v. Suppose 5*w + 3 = -22. Let z = w + i. List the prime factors of z.
3
Let d be 46/14 - 6/21. Let n = 5 - d. Let g = 0 + n. List the prime factors of g.
2
Suppose -5*f - 41 = -3*l, 2*f - 2*l = 2*l - 8. Let g(p) = -p**3 - p**2 + 276. Let d be g(0). List the prime factors of d/15 - (-4)/f.
2, 3
Suppose -2*j = 3*j - 200. Suppose j = 5*p + 5*w, 4*p - 4*w + 1 - 33 = 0. List the prime factors of p.
2
Let j = 83 + -49. List the prime factors of j.
2, 17
Let v = 3 + -3. Suppose y + 2 - 5 = v. List the prime factors of y.
3
What are the prime factors of 0 - (-143 + 0) - -3?
2, 73
Let u = 46 + -11. List the prime factors of u.
5, 7
Let h(z) = -z**3 - 4*z**2 + 3*z - 2. Let m be 3 + -11 + 2 + 1. What are the prime factors of h(m)?
2
Let u(n) = n**3 + 5*n. Let d be (2 + 3 - 2)/1. List the prime factors of u(d).
2, 3, 7
Let m(y) = 8*y**2 + y + 1. Let g be m(-1). Suppose 5*r - 2 = g. List the prime factors of r/(2*3/39).
13
Let w = 37 - 8. What are the prime factors of w?
29
Suppose 0 = -0*l + 2*l - 46. List the prime factors of l.
23
Suppose -18 = -4*g - 2. Suppose -m - g*k + 11 = -5*k, -2*m = -4*k - 16. What are the prime factors of m?
2, 7
Suppose -c = c + 3*b + 349, -2*c - 328 = -4*b. What are the prime factors of 6/9 - c/6?
29
Let u(c) = 5*c - c + 5 - c + 3*c. List the prime factors of u(5).
5, 7
Suppose -3 = 2*y + 11. List the prime factors of 24/y*(-21)/2.
2, 3
Let c(x) = 7*x**2 - 2*x - 4. What are the prime factors of c(-2)?
2, 7
Let n(w) = w**2 - 6. What are the prime factors of n(-4)?
2, 5
Let g(j) = 31*j - 1. Let h be g(1). Let n be 1*(